1?
True
Is 152642 a multiple of 14?
True
Is 6 a factor of 219648?
True
Is 978 a multiple of 7?
False
Is 13 a factor of 1911?
True
Is 40864 a multiple of 8?
True
Is 274934 a multiple of 39?
False
Is 43 a factor of 3195201?
True
Does 150 divide 1100434?
False
Does 40 divide 198600?
True
Is 12380339 a multiple of 278?
False
Does 7 divide 320393?
False
Is 128928 a multiple of 11?
False
Is 85 a factor of 800360?
True
Is 6 a factor of 19602?
True
Is 9509332 a multiple of 1474?
False
Does 588 divide 4527600?
True
Is 8 a factor of 1045544?
True
Is 25 a factor of 133929?
False
Is 380 a factor of 3855179?
False
Is 811416 a multiple of 12?
True
Is 25479864 a multiple of 485?
False
Is 343602 a multiple of 1445?
False
Is 854273 a multiple of 90?
False
Is 746970 a multiple of 15?
True
Does 6 divide 38556?
True
Is 3687412 a multiple of 425?
False
Does 2 divide 787529?
False
Is 1385086 a multiple of 11?
False
Is 11939536 a multiple of 1358?
True
Is 18197 a multiple of 45?
False
Is 48 a factor of 10032?
True
Is 451 a factor of 5151346?
False
Does 24 divide 407807?
False
Is 9 a factor of 11142471?
False
Is 45 a factor of 15108863?
False
Is 306119 a multiple of 14?
False
Is 148 a factor of 12071876?
False
Is 8 a factor of 811572?
False
Is 99 a factor of 277789?
False
Is 103 a factor of 1251369?
False
Does 95 divide 1284210?
True
Is 240 a factor of 1536240?
True
Does 4 divide 309828?
True
Is 49 a factor of 1444185?
False
Is 157073 a multiple of 19?
True
Is 14 a factor of 735949?
False
Does 683 divide 7874990?
True
Does 17 divide 384642?
True
Does 45 divide 374972?
False
Is 142 a factor of 1384074?
True
Does 44 divide 1116852?
True
Is 84984 a multiple of 6?
True
Is 60 a factor of 26155020?
True
Does 6 divide 2855130?
True
Does 42 divide 51492?
True
Is 403763 a multiple of 285?
False
Does 17 divide 939520?
False
Is 421 a factor of 3321269?
True
Is 5726700 a multiple of 1573?
False
Does 24 divide 1360680?
True
Does 14 divide 19739?
False
Is 90 a factor of 13410?
True
Does 66 divide 549846?
True
Is 79365 a multiple of 111?
True
Does 80 divide 3438400?
True
Is 10 a factor of 102280?
True
Is 56 a factor of 110096?
True
Is 328468 a multiple of 28?
True
Is 441 a factor of 339395?
False
Does 105 divide 2493120?
True
Is 712 a factor of 3179111?
False
Is 69 a factor of 189543?
True
Is 4 a factor of 2604?
True
Does 250 divide 204250?
True
Is 226 a factor of 216508?
True
Is 1307599 a multiple of 322?
False
Is 351306 a multiple of 11?
False
Is 2619103 a multiple of 9?
False
Does 49 divide 3933641?
False
Does 25 divide 14653?
False
Does 298 divide 124564?
True
Is 22 a factor of 519476?
False
Does 58 divide 308676?
True
Is 268800 a multiple of 24?
True
Is 748 a factor of 32164?
True
Is 552 a factor of 15662290?
False
Is 243 a factor of 196344?
True
Is 8 a factor of 103672?
True
Is 179 a factor of 2384662?
False
Is 3434601 a multiple of 407?
False
Does 5 divide 1599?
False
Is 5355441 a multiple of 273?
True
Is 272286 a multiple of 63?
True
Is 3761664 a multiple of 948?
True
Is 177249 a multiple of 18?
False
Does 6 divide 2340740?
False
Is 130 a factor of 3746727?
False
Does 110 divide 6856235?
False
Is 55482 a multiple of 31?
False
Does 30 divide 373740?
True
Is 32030 a multiple of 37?
False
Is 115793 a multiple of 100?
False
Is 660879 a multiple of 3?
True
Is 633870 a multiple of 18?
True
Does 22 divide 75417?
False
Does 3 divide 23715?
True
Is 1408 a multiple of 15?
False
Does 4 divide 67725?
False
Does 487 divide 757285?
True
Is 109335 a multiple of 111?
True
Is 30536 a multiple of 8?
True
Is 644 a factor of 2557968?
True
Is 64 a factor of 714153?
False
Does 107 divide 166492?
True
Is 7 a factor of 98911?
False
Is 31 a factor of 142600?
True
Is 105 a factor of 133245?
True
Is 872494 a multiple of 22?
False
Is 22871 a multiple of 7?
False
Does 26 divide 11091002?
True
Is 1020390 a multiple of 129?
True
Is 321 a factor of 2609276?
False
Is 682066 a multiple of 301?
True
Does 8 divide 18480?
True
Does 32 divide 6749133?
False
Is 747525 a multiple of 3?
True
Does 75 divide 2240732?
False
Does 282 divide 1455684?
True
Is 1477 a factor of 3476739?
False
Is 1249493 a multiple of 103?
True
Is 5651026 a multiple of 34?
False
Is 14 a factor of 2931902?
False
Is 35 a factor of 53515?
True
Is 135660 a multiple of 34?
True
Is 67 a factor of 1106216?
False
Is 48 a factor of 71952?
True
Is 4424147 a multiple of 162?
False
Is 40 a factor of 146195?
False
Is 146 a factor of 3530134?
True
Is 1659921 a multiple of 83?
False
Is 6 a factor of 841804?
False
Is 432 a factor of 299029?
False
Does 40 divide 8932?
False
Is 67996 a multiple of 6?
False
Is 117084 a multiple of 33?
True
Is 126378 a multiple of 18?
True
Does 2 divide 21706?
True
Is 165236 a multiple of 62?
False
Does 8 divide 11918634?
False
Is 6 a factor of 94068?
True
Is 35 a factor of 199850?
True
Does 37 divide 130980?
True
Is 224272 a multiple of 158?
False
Does 74 divide 58883?
False
Is 77184 a multiple of 24?
True
Is 40 a factor of 7507040?
True
Is 10095854 a multiple of 144?
False
Is 583 a factor of 46640?
True
Does 63 divide 1125806?
False
Is 61864 a multiple of 11?
True
Does 120 divide 1422481?
False
Does 20 divide 2371900?
True
Is 7 a factor of 155169?
True
Is 50596 a multiple of 14?
True
Is 33998 a multiple of 89?
True
Is 105 a factor of 85433?
False
Is 4498197 a multiple of 106?
False
Does 19 divide 2690154?
False
Is 698 a factor of 1001190?
False
Is 795616 a multiple of 368?
True
Is 439611 a multiple of 31?
True
Is 12 a factor of 529584?
True
Is 44 a factor of 10208?
True
Is 104945 a multiple of 7?
False
Is 2154000 a multiple of 375?
True
Is 3798540 a multiple of 32?
False
Is 5115204 a multiple of 18?
True
Is 52 a factor of 49033?
False
Is 7305710 a multiple of 507?
False
Does 24 divide 1918338?
False
Is 42893 a multiple of 182?
False
Is 68 a factor of 1559376?
True
Is 33 a factor of 256099?
False
Does 66 divide 78520?
False
Does 23 divide 12445624?
False
Is 386001 a multiple of 9?
True
Is 4335006 a multiple of 26?
True
Is 628 a factor of 525718?
False
Is 56 a factor of 318293?
False
Is 21 a factor of 125958?
True
Is 16159 a multiple of 13?
True
Does 35 divide 71447?
False
Is 5 a factor of 160608?
False
Is 1016288 a multiple of 208?
True
Is 32679 a multiple of 75?
False
Is 1936632 a multiple of 372?
True
Does 7 divide 637280?
True
Is 29 a factor of 1051589?
False
Is 132550 a multiple of 76?
False
Does 315 divide 17640?
True
Does 8 divide 33424?
True
Does 342 divide 54475?
False
Is 2 a factor of 42254?
True
Is 1680190 a multiple of 9?
False
Does 11 divide 609754?
False
Is 34 a factor of 711620?
True
Does 37 divide 1562647?
False
Is 23 a factor of 96738?
True
Is 3153684 a multiple of 35?
False
Is 22 a factor of 2655535?
False
Is 3 a factor of 244755?
True
Is 9989857 a multiple of 2531?
True
Does 87 divide 4259694?
True
Does 19 divide 857287?
False
Does 89 divide 19302231?
True
Is 26 a factor of 205062?
True
Does 95 divide 2124618?
False
Does 153 divide 1046416?
False
Does 1106 divide 12535589?
False
Does 30 divide 4673192?
False
Is 777252 a multiple of 28?
True
Is 4841454 a multiple of 146?
False
Is 2 a factor of 5153?
False
Does 207 divide 313648?
False
Is 3166859 a multiple of 9?
False
Is 806 a factor of 1551550?
True
Does 485 divide 919093?
False
Is 126 a factor of 402192?
True
Is 157941 a multiple of 427?
False
Does 74 divide 134310?
True
Does 111 divide 917970?
True
Is 722 a factor of 4106736?
True
Is 21 a factor of 941700?
False
Is 8917 even?
False
Is 13 a factor of 126998?
False
Does 216 divide 2843037?
False
Does 20 divide 459857?
False
Does 14 divide 601304?
False
Is 303 a factor of 44238?
True
Is 35 a factor of 1117009?
False
Does 2 divide 6587?
False
Does 2642 divide 11175660?
True
Is 24628 a multiple of 94?
True
Is 58 a factor of 135128?
False
Is 830025 a multiple of 15?
True
Is 25 a factor of 3279703?
False
Is 6735638 a multiple of 7?
True
Is 537 a factor of 5994167?
False
Is 550524 a multiple of 6?
True
Is 376000 a multiple of 160?
True
Is 4 a factor of 1151857?
False
Is 1463736 a multiple of 4?
True
Is 4 a factor of 11447?
False
Is 11 a factor of 96151?
True
Does 26 divide 235251?
False
Is 107897 a multiple of 78?
False
Does 397 divide 381980?
False
Is 129204 a multiple of 12?
True
Is 93508 a multiple of 7?
